e 9, what is -558 - -3136?
2467
In base 4, what is 1000201 + 101310?
1102111
In base 2, what is -100011001 + 10100010010?
1111111001
In base 14, what is 5 - 1432?
-142b
In base 8, what is 1032665 - 11?
1032654
In base 8, what is 506160 - -4?
506164
In base 4, what is 3 + -221232120?
-221232111
In base 15, what is -daca - -4d?
-da7c
In base 8, what is 4 - -17557?
17563
In base 11, what is -7636 + 2a?
-7607
In base 10, what is 149 + -161?
-12
In base 6, what is 0 - 23122?
-23122
In base 11, what is 5 - -35a75?
35a7a
In base 16, what is 1b7a - -4?
1b7e
In base 13, what is 18a - 106?
84
In base 3, what is 1 - -122102021?
122102022
In base 2, what is 11100011111 - 101101?
11011110010
In base 12, what is 17 + 1180b?
11826
In base 13, what is -2a + -352a?
-3557
In base 4, what is 3 - -31202?
31211
In base 12, what is 80845 - -5?
8084a
In base 15, what is 11 + 16d58?
16d69
In base 8, what is -42073 - 63?
-42156
In base 10, what is -5327 + -6?
-5333
In base 5, what is 420040 + 2300?
422340
In base 15, what is -1 - -1103?
1102
In base 3, what is 11 - 20001010122?
-20001010111
In base 3, what is 2 - -1002222222110?
1002222222112
In base 7, what is 406125 + 0?
406125
In base 5, what is -3133034 - -240?
-3132244
In base 2, what is 0 + 10100110111011100?
10100110111011100
In base 2, what is -101101110010000 - 100?
-101101110010100
In base 3, what is -101021012002 - 1?
-101021012010
In base 14, what is 10 + -688?
-678
In base 7, what is 11 + 4512012?
4512023
In base 7, what is 0 - 413522?
-413522
In base 3, what is -1021000022 - -10?
-1021000012
In base 12, what is 7 + a9215?
a9220
In base 7, what is -43111 - -1?
-43110
In base 14, what is 4b02 + -62?
4a80
In base 6, what is -1 + 115431?
115430
In base 12, what is 32 - 137a?
-1348
In base 9, what is -264 - -53?
-211
In base 3, what is -20010 - 111012011?
-111102021
In base 13, what is -2b + -357c?
-35aa
In base 5, what is 4 - 11433?
-11424
In base 2, what is 100 - 10000011111111000011?
-10000011111110111111
In base 5, what is 423 + 431?
1404
In base 3, what is -120122 - 2?
-120201
In base 15, what is 1575 + -10?
1565
In base 6, what is 43 + -151?
-104
In base 13, what is 7 - cb5b?
-cb54
In base 2, what is 101 - 1010010000111000?
-1010010000110011
In base 8, what is -147216 - 146?
-147364
In base 4, what is 101313 - -232?
102211
In base 2, what is 111010010110011 - -1?
111010010110100
In base 11, what is -5a5 + -489?
-a83
In base 7, what is -21 - -420?
366
In base 16, what is -a7e - -9?
-a75
In base 7, what is -4 + -2332245?
-2332252
In base 2, what is -1011000001001111 - 1000?
-1011000001010111
In base 11, what is 11 - 29a1?
-2990
In base 9, what is 305268 - 5?
305263
In base 4, what is 2 - 1221231?
-1221223
In base 2, what is -11100 - -10110000000?
10101100100
In base 13, what is -c9 + 131?
35
In base 2, what is -11 - 11001110100011011101?
-11001110100011100000
In base 12, what is 1 - 533ab?
-533aa
In base 3, what is 11 - 120011221100?
-120011221012
In base 16, what is 13 + e79?
e8c
In base 14, what is 7 + 965?
96c
In base 5, what is 3041134 + 123?
3041312
In base 10, what is -4144 + -7?
-4151
In base 10, what is -3 - 172161?
-172164
In base 7, what is 1113 + 4634?
6050
In base 3, what is 11 + 1102212?
1110000
In base 3, what is -1211202111 - 0?
-1211202111
In base 14, what is -d3830 - 4?
-d3834
In base 15, what is -14e6 + 40?
-14a6
In base 8, what is 204134 - 0?
204134
In base 14, what is 5795c - 1?
5795b
In base 10, what is 13 + 2987?
3000
In base 16, what is 65 - -1337?
139c
In base 13, what is -7 - -1595b?
15954
In base 11, what is 440299 - 0?
440299
In base 7, what is -4 + -354?
-361
In base 16, what is -1 - -53e?
53d
In base 9, what is 12 + -117203?
-117181
In base 12, what is 22417 - -1?
22418
In base 12, what is -4 + 40458?
40454
In base 7, what is 5 - -642443?
642451
In base 10, what is 6378 + -1?
6377
In base 5, what is 10404310 - -3?
10404313
In base 10, what is -2068 - 3?
-2071
In base 8, what is -364071 + 4?
-364065
In base 7, what is -241 + 25546?
25305
In base 9, what is -14 + 7045?
7031
In base 4, what is -22022 - -10333?
-11023
In base 9, what is 72 + 263?
345
In base 4, what is -1120303 + -100?
-1121003
In base 9, what is -16 - -168211?
168184
In base 14, what is -61c6 + 0?
-61c6
In base 4, what is 2210012212 + -10?
2210012202
In base 9, what is 38 + -1086?
-1047
In base 9, what is 5 + 138803?
138808
In base 2, what is 11110010010011 + -10000?
11110010000011
In base 8, what is 0 + -36663?
-36663
In base 11, what is -6aa + 40?
-66a
In base 5, what is -40 - -43031?
42441
In base 9, what is -2085 - -32?
-2053
In base 11, what is -1a + 1786?
1767
In base 2, what is -11001000101010010111 - -100?
-11001000101010010011
In base 15, what is 42cc51 + -4?
42cc4c
In base 14, what is 30 + -12a?
-da
In base 13, what is 284b - -20?
286b
In base 15, what is -276 + -6?
-27c
In base 3, what is -121020111122 - 10?
-121020111202
In base 7, what is 62462 - -3?
62465
In base 8, what is 0 + 1227?
1227
In base 13, what is -5 - -38a4?
389c
In base 9, what is 276 - -6521?
6807
In base 10, what is -12537 - -15?
-12522
In base 4, what is -30312 - 23201?
-120113
In base 2, what is 10111 + 100000110101100?
100000111000011
In base 14, what is -4 - -177?
173
In base 4, what is 1221310 + 10?
1221320
In base 5, what is -10003 + 100?
-4403
In base 8, what is 2 + 475765?
475767
In base 14, what is -6656 + 113?
-6543
In base 15, what is -32 + 29?
-8
In base 2, what is -111 + 110001101000100001?
110001101000011010
In base 2, what is -1000011011 - 100?
-1000011111
In base 13, what is 4b0 - -1?
4b1
In base 2, what is -100000110010 + 100?
-100000101110
In base 3, what is -1102112 - 202021?
-2011210
In base 9, what is 171 - 318?
-137
In base 9, what is -10 - -143024?
143014
In base 4, what is 3 - 1222301023?
-1222301020
In base 6, what is -350 + -1110?
-1500
In base 15, what is -4c553 - -3?
-4c550
In base 16, what is -225 + -14f?
-374
In base 4, what is 22023 - -122132?
210221
In base 16, what is -1ffc + -1d?
-2019
In base 5, what is -214302 - -1?
-214301
In base 9, what is -263680 - -6?
-263673
In base 12, what is -12 + -5040?
-5052
In base 15, what is -5 - 7d85?
-7d8a
In base 15, what is -69 - -161?
e7
In base 3, what is 12111 - 200021?
-110210
In base 15, what is 7 + -282a0?
-28298
In base 14, what is -1 + -3a809?
-3a80a
In base 16, what is 14 - -1288?
129c
In base 3, what is -201222 - -12102?
-112120
In base 8, what is 121425 + -147?
121256
In base 6, what is -15 + 255415?
255400
In base 2, what is 0 + -1101111000010?
-1101111000010
In base 6, what is 4233 - 104?
4125
In base 8, what is 20630 - -1?
20631
In base 12, what is -441791 - 4?
-441795
In base 13, what is 183 - -52?
205
In base 13, what is -89 + cb9?
c30
In base 4, what is 21 - -11230002?
11230023
In base 7, what is 2 - 5543635?
-5543633
In base 10, what is 56 + 66597?
66653
In base 16, what is 14 - af?
-9b
In base 6, what is -1 + 152502?
152501
In base 4, what is -21213302 - -3?
-21213233
In base 2, what is -1001 - -1010110101011?
1010110100010
In base 11, what is -4540077 - -3?
-4540074
In base 14, what is -36 - 43d1?
-4427
In base 14, what is 4 - -13a091?
13a095
In base 7, what is -2141422 + -4?
-2141426
In base 3, what is 2021 - -2002012000?
2002021021
In base 14, what is -31c0 - a?
-31ca
In base 6, what is 1 - 1523533?
-1523532
In base 2, what is 110100100011000011 + 100?
110100100011000111
In base 9, what is 40 + -130?
-80
In base 10, what is 244782 - -4?
244786
In base 14, what is b + 2caa?
2cb7
In base 2, what is 1000011100 + -100000101001?
-11000001101
In base 6, what is 121225 + 33?
121302
In base 7, what is -2 + 321122?
321120
In base 14, what is -5 + -1d18a?
-1d191
In base 15, what is 3425 - -21?
3446
In base 15, what is 2bed - -61?
2c5e
In base 13, what is -8 - 3586?
-3591
In base 6, what is -144 - -102424?
102240
In base 8, what is -17770 + 2?
-17766
In base 10, what is 5 + -29569?
-29564
In base 2, what is -1 - -1000001110011000?
1000001110010111
In base 13, what is -8b7 - -106?
-7b1
In base 5, what is 21 + -104311433?
-104311412
In base 9, what is 243 - -2752?
3105
In base 6, what is -45154155 + 4?
-45154151
In base 5, what is -223214 - 1233?
-230002
In base 15, what is 252 + 60?
2b2
In base 5, what is 202433 - 41?
202342
In base 7, what is -33332